number?
True
Is 11700944678 prime?
False
Is 45737170799 a composite number?
True
Is 238683643411 a composite number?
False
Is 1977005881 a composite number?
True
Is 103924770491 prime?
True
Is 437206787 prime?
True
Is 1493109381 composite?
True
Is 3777247307 a composite number?
True
Is 4472611145 prime?
False
Is 9109123789 prime?
False
Is 10559803981 prime?
False
Is 74281568273 a prime number?
False
Is 722124959 a prime number?
True
Is 1383601357 a prime number?
True
Is 2791397071 a composite number?
False
Is 11587933451 a prime number?
True
Is 5678709563 composite?
True
Is 12128918323 a composite number?
False
Is 2882242397 composite?
False
Is 5149498337 a composite number?
True
Is 3995532919 a composite number?
True
Is 408849073 a prime number?
False
Is 2937592573 a prime number?
False
Is 7976680267 composite?
False
Is 11242362137 a prime number?
False
Is 1228979809 composite?
False
Is 40844584239 a composite number?
True
Is 756053437 prime?
False
Is 199520544781 a prime number?
True
Is 277980247 composite?
True
Is 1933313471 a prime number?
True
Is 18508951523 a composite number?
False
Is 192406094 prime?
False
Is 14012907989 prime?
True
Is 347271923 prime?
True
Is 357304069 composite?
True
Is 78389958481 composite?
False
Is 77564533 a prime number?
False
Is 2031993827 prime?
True
Is 175481771 a prime number?
True
Is 260716979 prime?
False
Is 528739451 a prime number?
True
Is 200212921 prime?
False
Is 37716963059 composite?
False
Is 261000973 a prime number?
True
Is 14700798689 prime?
True
Is 713116637 composite?
True
Is 9959542733 a prime number?
False
Is 3931459481 prime?
True
Is 232361747 prime?
False
Is 286370101 a prime number?
True
Is 35172993431 a prime number?
False
Is 2318414629 a prime number?
True
Is 8389885199 prime?
True
Is 2145837247 a prime number?
False
Is 49871104777 a composite number?
True
Is 101245579 a prime number?
False
Is 188121629 a prime number?
True
Is 1002007597 a prime number?
True
Is 1258234139 a composite number?
True
Is 26219243111 prime?
True
Is 3764547979 a prime number?
False
Is 951621011 composite?
True
Is 7731621451 a composite number?
False
Is 221935117 a composite number?
True
Is 1149919619 prime?
True
Is 135938966 composite?
True
Is 34003147 a prime number?
True
Is 18143849143 prime?
False
Is 65604305563 composite?
True
Is 9422682509 a composite number?
True
Is 1829773381 composite?
False
Is 566574863 prime?
False
Is 1576123577 prime?
False
Is 47008960919 a composite number?
False
Is 55079933 a prime number?
False
Is 1838031731 prime?
False
Is 159249131 a prime number?
True
Is 1723270859 composite?
True
Is 234365813 a composite number?
True
Is 164494997 a prime number?
False
Is 5842920133 a composite number?
True
Is 41594583391 prime?
False
Is 103334837893 prime?
False
Is 168778821889 a composite number?
True
Is 1074597379 composite?
True
Is 14427454871 a prime number?
False
Is 210925837 prime?
True
Is 14796227569 composite?
True
Is 25796432731 prime?
True
Is 99482548247 prime?
True
Is 47464366177 a prime number?
True
Is 61038715181 composite?
True
Is 927724549 prime?
False
Is 2192540809 composite?
False
Is 374205449 a prime number?
True
Is 2429812501 a prime number?
False
Is 5987204723 composite?
False
Is 4219499437 composite?
False
Is 24987248347 a prime number?
True
Is 67349098911 prime?
False
Is 313617257 composite?
False
Is 3775835071 prime?
True
Is 121009251059 composite?
True
Is 748852121 a prime number?
True
Is 3971735489 a composite number?
True
Is 40389775643 prime?
False
Is 4711369351 a prime number?
False
Is 1911206323 a prime number?
False
Is 11222084141 a composite number?
True
Is 6830295409 a composite number?
True
Is 26654552461 a prime number?
True
Is 1890468551 prime?
True
Is 668961523 composite?
False
Is 553946483 prime?
True
Is 7534202611 a prime number?
False
Is 78037485863 composite?
False
Is 603461983 composite?
True
Is 1086728933 prime?
True
Is 2997207821 a composite number?
False
Is 58863228539 composite?
True
Is 6688203343 composite?
False
Is 2257856813 prime?
True
Is 68229688327 prime?
False
Is 22259778419 prime?
False
Is 1340449043 composite?
False
Is 1687926671 a composite number?
False
Is 667584143 a composite number?
True
Is 77222830117 a prime number?
True
Is 8864075161 a prime number?
True
Is 1760971829 composite?
False
Is 9240012238 prime?
False
Is 105723227 prime?
False
Is 762760061 prime?
False
Is 8642113901 composite?
False
Is 3841752533 prime?
False
Is 22557166519 prime?
True
Is 189070619 composite?
False
Is 1195943803 a prime number?
True
Is 97531869291 a prime number?
False
Is 118518758443 a prime number?
True
Is 420298369 a prime number?
False
Is 11486673359 composite?
True
Is 5803174841 a prime number?
False
Is 1453177783 prime?
True
Is 87277082059 a composite number?
False
Is 48282144473 a prime number?
True
Is 7885949573 a composite number?
True
Is 9735141677 a composite number?
False
Is 25366658483 prime?
False
Is 17275897979 composite?
False
Is 6842128621 composite?
False
Is 7811162089 a prime number?
False
Is 757116351391 a composite number?
False
Is 9029150335 a composite number?
True
Is 143281339 a prime number?
False
Is 1618660247 composite?
False
Is 8849772487 composite?
False
Is 1586699017 composite?
False
Is 234494857 composite?
True
Is 598087667 composite?
False
Is 26624071447 composite?
False
Is 2452267853 composite?
True
Is 71707049 composite?
False
Is 54592708697 composite?
True
Is 42494888999 composite?
False
Is 20461514509 a composite number?
False
Is 9596212203 a composite number?
True
Is 7838831321 a composite number?
True
Is 51398855981 a prime number?
False
Is 117445663 prime?
False
Is 5070737345 composite?
True
Is 981154079 prime?
False
Is 23725723247 a composite number?
False
Is 26714641 prime?
True
Is 24676161331 composite?
True
Is 2431474483 prime?
True
Is 3765938987 composite?
False
Is 11162163647 composite?
False
Is 64026107213 a composite number?
True
Is 64597140731 a composite number?
False
Is 198395737 a prime number?
False
Is 15343140049 a prime number?
False
Is 1044343943 a composite number?
False
Is 18978683 a prime number?
True
Is 840652867 a prime number?
False
Is 27950479906 composite?
True
Is 1070618069 prime?
True
Is 1782102733 a prime number?
False
Is 591095311 a prime number?
False
Is 9835809817 prime?
False
Is 715606753 prime?
True
Is 47486667013 composite?
False
Is 8751508687 composite?
False
Is 1703953697 composite?
False
Is 11126665499 a prime number?
True
Is 62665492961 a prime number?
False
Is 841588595 a prime number?
False
Is 1022793557 composite?
True
Is 138876847 composite?
True
Is 633402919 a composite number?
True
Is 40370507201 composite?
False
Is 3549131 a composite number?
False
Is 19858922081 prime?
False
Is 56422396705 composite?
True
Is 62046781 composite?
False
Is 57151987787 a composite number?
False
Is 117504011 composite?
False
Is 110793665993 a composite number?
False
Is 1192484353 a composite number?
True
Is 41275957633 a composite number?
False
Is 19092986713 a composite number?
True
Is 38893847051 a composite number?
False
Is 9666848237 prime?
True
Is 152044091 composite?
True
Is 6889752319 composite?
True
Is 946962605 composite?
True
Is 19716873083 a composite number?
False
Is 23465542129 composite?
False
Is 473083019 composite?
False
Is 81014926457 a composite number?
True
Is 38078379673 a prime number?
True
Is 4391236973 a prime number?
False
Is 14760722 composite?
True
Is 1657329481 composite?
True
Is 463494557 prime?
False
Is 102823544827 composite?
False
Is 1324199021 prime?
True
Is 1242407399 composite?
True
Is 331281961 a composite number?
False
Is 3053275597 a composite number?
False
Is 10035297799 prime?
False
Is 7912608439 a prime number?
True
Is 225855809873 prime?
True
Is 14235969383 a prime number?
True
Is 820582195 a composite number?
True
Is 1845353483 a prime number?
True
Is 25404163439 composite?
False
Is 233876287 a prime number?
True
Is 203764103 prime?
True
Is 38611067 a composite number?
True
Is 3652549037 a prime number?
False
Is 19907178121 composite?
True
Is 557952029 prime?
False
Is 1736703877 prime?
False
Is 1359179119 prime?
False
Is 10782926359 composite?
False
Is 3102675241 composite?
False
Is 1785777089 prime?
True
Is 5192459495 a prime number?
False
Is 769253